. Calculate the remainder when h is divided by n.
15
Let u(r) = -r**3 + 4*r**2 + 4. Let h be u(4). Suppose -4*v - 5*f - h = 2, f - 2 = -4*v. Calculate the remainder when 44 is divided by -5*v*(-1 + -2).
14
Let b(p) = 2*p**2 - 4. Let q be b(-4). Suppose 0*x + x = -q. What is the remainder when 34 is divided by 65/7 + 8/x?
7
Suppose -4*o - 2*k + 98 = 0, 3*o + k - 24 = 2*o. Calculate the remainder when 74 is divided by o.
24
Let o = 19 + -26. Calculate the remainder when 47 is divided by o/(-35) + (-168)/(-10).
13
Suppose 3*m - 6*m - 4*c = -98, 42 = 2*m - 2*c. Suppose h - 1 = 9. What is the remainder when m is divided by h?
6
Suppose 0*j - 2*j = -24. Calculate the remainder when 35 is divided by j.
11
Suppose 0 = 4*h - 7 - 1. Let o = h + 2. Suppose -20 = -5*a - d + 15, -7 = -a + d. What is the remainder when a is divided by o?
3
Let i = 20 + -35. Suppose -2*y + 43 = -0*y + 5*b, 3*y + 4*b - 75 = 0. What is the remainder when y is divided by i*(-2 + (-4)/(-3))?
9
Let x(c) = c**3 - 2*c**2 + 4*c - 4. Let b = -8 + 17. Calculate the remainder when x(3) is divided by b.
8
What is the remainder when 0/(4*(-3 - -2)) + 24 is divided by 5?
4
Suppose k - 8 = -3*k. Let r(c) = -c - 1. Suppose 7*z - 2*z = -20. What is the remainder when r(z) is divided by k?
1
Suppose -l - 3*w = 3*l - 44, -l - 3*w = -2. Calculate the remainder when l is divided by 3.
2
Suppose -4*q - 4*s = -0*s + 92, -2*s = 10. Calculate the remainder when 17 is divided by q/(-2) - (-4 + 3).
7
Suppose 0 = -2*t - t + 2*z + 185, -z - 4 = 0. Let y = -3 - -7. Let k = t - y. What is the remainder when k is divided by 19?
17
Suppose o + 0*o - 19 = 0. Calculate the remainder when 75 is divided by o.
18
Suppose z + 2*h = 4*z - 53, 88 = 5*z - 3*h. Let n = 75 - z. What is the remainder when n is divided by 20?
18
Let g(k) = k**2 + 4*k + 6. Calculate the remainder when 89 is divided by g(-6).
17
Let z be ((-9)/(-2))/((-4)/24). Let c(j) = -24*j - 1. Let l be c(-2). Let a = l + z. What is the remainder when a is divided by 7?
6
Suppose m + 10 = 4*d - 1, -4*m + 8 = -3*d. Suppose 0 = -w + d*w - 126. Calculate the remainder when w is divided by 22.
20
Let h = 9 + -5. Let k = 4 + -1. What is the remainder when k is divided by (-3)/2*h/(-3)?
1
Suppose -5*u + 48 = 2*x, 3*u = 3*x - x - 48. What is the remainder when x is divided by 9?
6
Suppose -3*m + m = 4*y - 18, y = 5*m - 78. Calculate the remainder when 192 is divided by m.
12
Suppose 0 = 2*w + 3*j - 13 - 31, 0 = -5*j + 10. Let u = 7 + w. Let b(s) = -9*s. Calculate the remainder when u is divided by b(-1).
8
Suppose 2*u - 4*u = 0. Suppose u = -6*p + 4*p + 74. Calculate the remainder when p is divided by 8.
5
Suppose -5*i - 5 + 0 = -2*w, -5*i - 20 = -5*w. Suppose 2*b - 3*r - 3 = -i, 0 = 4*b + 2*r - 20. Calculate the remainder when 6 is divided by b.
2
Let z(y) = y + 25. Let a(r) = -r**3 - r + 6. Let p be a(0). Suppose 3*l - 6 = p. What is the remainder when l is divided by z(-22)?
1
Suppose -5*c - 31 = -2*u + 14, -2*u = 3*c - 53. Calculate the remainder when u is divided by 7.
4
Suppose 3*q + 39 = 6*q. Calculate the remainder when 76 is divided by q.
11
Let n(u) = -2*u - 13. Let o(r) = -5*r - 38. Let x(a) = 8*n(a) - 3*o(a). What is the remainder when x(-7) is divided by 4/6 + 50/6?
8
Let t(z) = -z**3 + 12*z**2 - 11*z + 5. Let b be t(11). Suppose b*g - 4*v - 100 = v, 0 = g - 5*v - 24. Calculate the remainder when 55 is divided by g.
17
Let g(p) be the third derivative of 3*p**4/4 - p**3/2 - p**2. Suppose 4*l = 6*f - f - 7, -4*f - 2*l = -16. What is the remainder when g(f) is divided by 13?
12
Let k = 1 + 4. Suppose 0*f = k*f. Suppose 0 = 2*w - f*w - 46. Calculate the remainder when w is divided by 12.
11
Suppose -5*d - 4 = 21, 3*d + 25 = x. What is the remainder when 117 is divided by x?
7
Suppose -20 = 3*z - 5*z. Calculate the remainder when (114/(-18))/((-1)/3) is divided by z.
9
Let s = -16 - -115. Let m = s - 55. Calculate the remainder when 1/(-2)*m/(-2) is divided by 6.
5
Suppose 0 = -6*u + u - 3*t + 105, 82 = 3*u - 2*t. Suppose b = -b + u. What is the remainder when 34 is divided by b?
10
Let c(m) = -4*m + 3. Let l(w) = w**3 + 5*w**2 + 5*w + 3. Calculate the remainder when c(-3) is divided by l(-3).
3
Let a(f) = -f**2 + 2*f - 1. Let y be a(3). Calculate the remainder when (y/6)/((-1)/66) is divided by 15.
14
Suppose -4*t - 5*g = -9, t + 2*t + 3*g - 9 = 0. Let k be (-3)/t + 1/2. Let z(r) = r**3 + r**2 + r + 8. Calculate the remainder when 15 is divided by z(k).
7
Let m be (8/20)/(-1)*-5. Suppose -63 - 67 = -m*a. What is the remainder when a is divided by 22?
21
Let c be (-14)/4*(-3 - -5). Let v = c - -24. Calculate the remainder when v is divided by 10.
7
Let b(s) = 4*s**3 + 1. Let f be b(1). Let c = 14 - f. Let y(l) = 5*l**2 - l + 1. What is the remainder when c is divided by y(1)?
4
Suppose 0 = -5*h + 5*o + 82 - 12, 3*h - o = 50. Let d = -55 + 108. What is the remainder when d is divided by h?
17
Let l(g) be the third derivative of g**5/30 + g**4/3 - 2*g**3/3 + g**2. Calculate the remainder when 38 is divided by l(-6).
18
Let w(r) = -r - 3. Let x be w(4). Let t = 26 - x. Calculate the remainder when t is divided by 12.
9
Suppose -28 = -4*z + 2*z + 5*g, -3*z + 5*g + 32 = 0. Let w(q) = q**3 + 3*q**2 - 2*q. Let r be w(-3). What is the remainder when 8 is divided by (z/r)/(8/36)?
2
Let x(u) = -u**3 + 17*u**2 - 30*u + 2. Calculate the remainder when 9 is divided by x(15).
1
Suppose 12*u - 15 - 9 = 0. Calculate the remainder when 2 is divided by u.
0
Let k(p) = p**2 - 12*p + 12. Let l be k(10). Suppose 7*v = 4*v + 21. What is the remainder when 26 is divided by l/28 + 65/v?
8
Let b = -91 + 143. Let d = 135 - 42. Let y = d - b. What is the remainder when y is divided by 11?
8
Let l(s) = -4*s**3 - s - 1. Let h = 2 - -9. Calculate the remainder when h is divided by l(-1).
3
Let r(k) = 2*k**3 + 29*k**2 - 14*k + 34. Calculate the remainder when 42 is divided by r(-15).
4
Let a(u) = -u. Let o be a(-4). Suppose h = -0*h + o. Calculate the remainder when 6 is divided by h.
2
Let x be 3 + -1 + 5 + -3. Let p = -9 - -12. Suppose -p*g + l = 4*l - 99, 0 = x*l + 4. What is the remainder when g is divided by 18?
16
Let s(f) = f**2 - 16*f + 22. Calculate the remainder when 26 is divided by s(15).
5
Let x(a) = a + 2. Let m(z) = z**2 - 2. Let n be m(0). Calculate the remainder when (n/6)/(1/(-51)) is divided by x(4).
5
Let y = -13 + 19. Let g(a) = 2*a**2 - a + 3. Calculate the remainder when g(y) is divided by 12.
9
Let a be 3 + -3 + 3 + -3. Suppose a = 3*l - 2*l - 3. What is the remainder when 4 is divided by l?
1
Suppose -2*c = -c - 3. Suppose 4*f - 1 = -a + 1, a - c*f = 2. Calculate the remainder when 6 is divided by a.
0
Let g(n) = -10*n**2 + 4 + 4*n**2 + 5*n**2 + 11*n. Let u be g(8). Suppose -3*i + u = i. What is the remainder when i is divided by 5?
2
Suppose -5*y + 39 = -n, -2*y + 0*y = -3*n - 26. Calculate the remainder when 18 is divided by y.
4
Let p(s) = s + 4. Suppose 5*a = 4*a - 6. Let v be p(a). Let k(g) = -13*g + 2. What is the remainder when k(v) is divided by 10?
8
Let l(x) = 4*x + 77. Calculate the remainder when 17 is divided by l(-18).
2
What is the remainder when 170/4 - (-3)/(-12)*-2 is divided by 11?
10
Let l be 72/(-7) - (-4)/14. What is the remainder when (l/(-15))/((-2)/(-102)) is divided by 12?
10
Let y(p) = -p**3 - 9*p**2 - p + 7. Let j be 4/(-10) + (-86)/10. What is the remainder when y(j) is divided by 9?
7
Suppose -c = -5*l + 18, -l + c = l - 9. Suppose -2*v - v + 30 = 0. Let n = v + l. Calculate the remainder when 38 is divided by n.
12
Suppose -4*m + 83 = 827. Calculate the remainder when 91 is divided by (m/(-18))/((-2)/(-6)).
29
Suppose 3*h + 6 = -z, -z = -h + 2 + 8. What is the remainder when (z/(-2))/(2/4) is divided by 3?
0
Suppose -3*p - 31 + 181 = 0. What is the remainder when p is divided by 26?
24
Let a = -54 + 84. Calculate the remainder when a is divided by 7.
2
Let m be (1/2)/((-2)/4). What is the remainder when 44*(-4)/16*m is divided by 6?
5
Suppose -5*k = 20, 0*m = -5*m + 4*k - 119. Let i = m - -46. What is the remainder when 36 is divided by i?
17
Suppose 0*o = -2*o + 6. Suppose 0 = o*y - 12, j + 5*y - 56 = -4. Calculate the remainder when j is divided by 11.
10
Let i = -21 - -35. Suppose -2*h + h = 0, 0 = -4*d - 4*h + 140. 